t o be (8/6)/1*3. Let w be (-2968)/o*-1 + 3. Suppose 0*b = 5*b - w. Is b composite?
False
Suppose 50*o = 51*o - 4*s - 59547, 3*o - 178625 = 4*s. Is o a composite number?
False
Let f be 8/3*105/20. Let g be (-21)/f + 206/4. Let d = g + -3. Is d prime?
True
Is 422568/104 - (-6)/(-39) composite?
True
Suppose -3*c - h + 5 = 0, -3*c + 0*h - 5*h + 13 = 0. Suppose -x + 3 = c. Suppose -x*i + 861 = i. Is i a prime number?
False
Let k(t) = -3*t**3 - 17*t**2 + 30*t + 10. Let f be k(-14). Is (4/(-10))/((-4)/f) prime?
True
Let v be (-3)/9 + (-5)/(-15). Let g(f) = -f**2 + f + 6. Let n be g(v). Is (0 + 3)/(n/62) a prime number?
True
Let x(y) = y**3 - y**2 + 1. Let z(c) = 3*c**3 + 7*c**2 - 5*c + 6. Let d(j) = 2*x(j) - z(j). Is d(-11) prime?
False
Let i(n) = -12*n + 4. Let x be i(-3). Suppose 2*m - 5*z - x = 968, -4*z = 2*m - 972. Suppose 112 - m = -2*g. Is g a composite number?
False
Let o(j) = -14*j**2 + 24*j**2 - 2*j - 9*j**2 - 10*j - 5. Is o(14) composite?
False
Let p be ((1 - -9)*1)/2. Let j(d) = 12*d**2 - 15*d**2 + 6*d**2 + 6*d + 4. Is j(p) a prime number?
True
Let o = 12 - 10. Suppose -o*g - 2*g + 1312 = 0. Suppose -g = -5*r + r. Is r a composite number?
True
Let m(y) = -y**3 + 10*y**2 + 2*y + 11. Suppose -4*g = -6*g + 48. Let f be ((-12)/g)/((-1)/16). Is m(f) prime?
False
Is (-91)/13 - (1 + -4261) prime?
True
Let v = 397 + 772. Is v a composite number?
True
Is 1/(-6)*(38 - 21680) a composite number?
False
Let z(w) = 57*w**2 - 15*w - 131. Is z(-12) composite?
True
Suppose 4*c = 2*i + 76, -5*c = -0*c - 5*i - 85. Let m = c + -5. Let l = 333 - m. Is l a composite number?
False
Suppose -4 = 5*r - 24. Suppose 0 = -2*g + d + r, 4*g + 4*d = -5 + 37. Suppose v + 5*x = 39, -4*v - v = -g*x - 79. Is v composite?
False
Let j(w) = 26*w**2 + 2*w - 2. Let q = 27 - 25. Let d be j(q). Let f = 145 + d. Is f prime?
True
Let w(s) = -s + 1. Let l be w(0). Suppose -2*u - 8 = 0, -3*u = -3*y + 4*y + l. Suppose -z + y = -280. Is z a prime number?
False
Suppose 26*u = 10*u + 39184. Is u composite?
True
Suppose -3*t - 15 = -6*t. Suppose 0 = y + y + 2, 2238 = t*u - 3*y. Is u a prime number?
False
Suppose -5*r - 20 = 4*i, -r + 3*r + 8 = 4*i. Suppose 0 = -i*f + 2*f - 84. Suppose -g + f = g. Is g prime?
False
Suppose -7*g = -17*g + 54370. Is g a prime number?
True
Suppose 3*m - 6*m + c = -2068, -5*m = c - 3460. Is m prime?
True
Let a = 858 + -470. Suppose o = 5*o - a. Is o a prime number?
True
Suppose 10*r - 6426 = 3*r. Let q = -332 + r. Is q prime?
False
Let i(b) = b**2 - 4*b - 2. Let w be i(3). Let t = 17 + w. Is (-3 + (-140)/(-16))*t a composite number?
True
Let u(t) = -730*t - 467. Is u(-7) a prime number?
True
Let t(x) = x + 4. Let j be t(-3). Suppose 163 = 3*m + 2*i, -j - 7 = -4*i. Is m a composite number?
False
Let g = 1989 + 1258. Is g prime?
False
Let k = -3859 - -11528. Is k a composite number?
False
Let m(s) = -s**3 - 9*s**2 - 8. Let v be m(-9). Let d be (-3 - 0) + v/(-1). Suppose -h + 2*w + 85 = -0*w, -d*h + 2*w = -425. Is h prime?
False
Suppose 9*w - 694 = 7*w + 4*m, w - 312 = -5*m. Suppose 470 = f - w. Is f composite?
True
Let x = 50 + -29. Suppose 0*i = -3*i + 3*c + x, -3*c = 12. Let g(s) = 23*s**2 + 2*s - 2. Is g(i) prime?
True
Let k(c) = -c**2 - 9*c - 4. Let p be k(-8). Suppose p*m - 1833 = m. Is m composite?
True
Suppose v - 58 = -3*d + 3*v, -2*d = 2*v - 22. Is 12/d - (-193)/4 composite?
True
Suppose 3*v - 6 = 2*o, -3*v = 4*o + o + 15. Let r(t) = t**3 - 4*t**2 - 13*t + 16. Let h be r(8). Suppose v = -k + 277 + h. Is k a prime number?
False
Let u(c) = -c**2 - 2*c + 5. Let h be u(0). Suppose h*d + 1682 = -1208. Let o = d + 913. Is o composite?
True
Let k(g) = -3*g**3 + 2*g**2 - 2*g + 1. Let h be k(1). Let p be h/6 + 748/3. Is 5/((6/p)/2) a composite number?
True
Let t be 12/18 + (-13)/(-3). Suppose 1 = z + t. Is (-3 - z)/((-1)/(-127)) a prime number?
True
Let f(r) = -38*r + 37. Let p be f(-4). Suppose 4*u + l - 6356 = 0, 2989 + p = 2*u - l. Is u a prime number?
False
Let p = 275 + 24. Suppose 2*o - 4*u - 2102 = 0, -o - 2*u - p + 1370 = 0. Is o a prime number?
True
Is (-569066)/(-207) + 1/(-9) a composite number?
False
Let p(i) = i**3 - 26*i**2 + 6*i + 22. Let w(k) = k**3 - 28*k**2 + 5*k + 23. Let v(j) = -7*p(j) + 6*w(j). Let q = 31 + -20. Is v(q) prime?
False
Let b(o) = -o**3 - 9*o**2 - 4*o - 2. Let w be b(-8). Is (2771/w)/((-1)/2) a prime number?
True
Let j be (35/8 - 4)*8. Is 4 + (3 - -307) + j prime?
True
Let n(m) = -2*m**3 - 4*m**2 + 8*m + 3. Let q be n(-5). Suppose -11 = o + q. Is 2 + -6 + 1 - o prime?
False
Suppose 2*w - 26 = -5*f, -f + 5*w = -16 - 0. Let h(k) be the third derivative of 5*k**4/24 - 4*k**3/3 + k**2. Is h(f) a prime number?
False
Suppose -8*h + 3*h - 2*i = -75267, 3*h + 5*i - 45164 = 0. Is h prime?
True
Let n(s) = 1473*s**2 - 3*s + 61. Is n(-7) a composite number?
True
Let l(n) = 9*n - 4. Let b be l(-6). Let t = b + 98. Let a = 91 - t. Is a prime?
False
Let s(x) = -x**3 + 12*x**2 - x + 2. Let j be s(12). Let k = j - -13. Let q(f) = 3*f**3 - 4*f**2 + f - 2. Is q(k) a prime number?
False
Let i be (-7)/(-28) + (-4074)/8. Let q = -32 - i. Is q/5 - (-14)/(-35) composite?
True
Suppose -5*f + 1 = -14. Suppose 0*g + 3*g - 144 = 3*a, -146 = -f*g + 4*a. Is g composite?
True
Let q(b) = 3*b**2 - 8*b - 8. Let v(k) = k**3 + 7*k**2 - 17*k - 16. Let p(g) = -9*q(g) + 4*v(g). Is p(5) a composite number?
True
Let z(w) = 2*w**2 - 2. Let y be z(-3). Suppose 0 = -17*m + y*m + 337. Is m a prime number?
True
Suppose -77917 = -2*q + 3*m, 4*m - 6 + 10 = 0. Is q a prime number?
False
Suppose 2*d - 2*n = 3*n + 24, 2*d + 2*n = -4. Is (6188/8 - d)*2 a composite number?
False
Suppose 0 = b + 5*l - 8, 0 = 4*b + l - 13. Suppose 0*t - b*t + 5*f + 8974 = 0, -t - f + 2978 = 0. Is t prime?
False
Suppose -99*g + 39 = -96*g. Suppose -2*d = -g - 181. Is d a prime number?
True
Suppose 4*m = 8*m + 28. Let g(a) = -4*a**2 - 6*a + 9. Let j(i) = 8*i**2 + 13*i - 17. Let x(c) = 5*g(c) + 3*j(c). Is x(m) prime?
True
Let p(n) be the third derivative of 289*n**4/12 + 15*n**3/2 - 2*n**2 - 12. Is p(7) a composite number?
False
Suppose 59 = -2*g + 63. Suppose 6*o - o + g*z - 8287 = 0, -1 = -z. Is o prime?
True
Is (3 - (-52)/(-20))/(2/56215) a prime number?
True
Suppose 13*d - 503 = 420. Is d prime?
True
Let x(n) be the second derivative of -3*n**5/10 + n**4/6 - 4*n**3/3 - n**2/2 - 8*n. Let m be x(6). Let i = -804 - m. Is i composite?
True
Suppose -35*i - 25316 = -39*i. Is i composite?
False
Suppose -5*l - 3*p + 17 = -13, -2*p = -10. Suppose 0 = -l*x - 6, 29 + 92 = 3*s + 4*x. Let n = 134 - s. Is n a composite number?
True
Suppose 0*p = -2*p + 6. Let n(f) = 231 + 228 + 22*f - 460. Is n(p) composite?
True
Suppose 215*b = 226*b - 18227. Is b prime?
True
Is -3 + (-1 + 9141/3)*1 prime?
False
Suppose -23*t + 15*t + 229784 = 0. Is t composite?
False
Is (22*(-2)/(-20))/(11/26345) a composite number?
True
Suppose 89*o - 84*o - 48455 = 0. Is o a prime number?
False
Let a(o) = 96*o + 1. Let w be a(2). Is (-19 - 1)/(-4)*w composite?
True
Suppose -5*w + 4*q - 5442 + 93415 = 0, 17594 = w - q. Is w a prime number?
True
Suppose -6*l - 112813 = -897511. Is l a prime number?
True
Suppose -3*w - 2*m + 291 = -2*w, m + 297 = w. Suppose -c = 504 + w. Let u = -420 - c. Is u composite?
False
Let l(o) = -20*o**3 - 2*o**2 - 3*o + 26. Is l(-9) a composite number?
True
Let f(k) = -k - 5. Let y be f(-8). Let x = y + 28. Is x composite?
False
Suppose -3231 = -3*o - 4*b, -3*b = -3*o + 3157 + 53. Is o composite?
True
Let s = 2197 + 1658. Let k be (-4)/(0 + (-2)/1357). Let b = s - k. Is b prime?
False
Let x = 394 + 828. Let t = x - 305. Is t composite?
True
Let v(w) = 8*w**3 + 2*w**2 + 3*w + 2. Let d be ((-10)/(-3))/(-3*10/(-45)). Is v(d) a composite number?
True
Let p(f) = -f**3 - 23*f**2 + 23*f - 5. Is p(-28) a prime number?
True
Suppose -18955 = -4*w + 12457. Is w a prime number?
True
Let n = 2780 - 2449. Is n a prime number?
True
Let k(u) = 6*u**2 - 2*u. Let m be k(-1). Suppose -31769 = -m*z - 3201. Is z a composite number?
False
Is (-1585)/2*(-126)/45 a prime number?
False
Suppose 12567 = 3*s - 5*j + 2425, 6798 = 2*s + 4*j. Is s composite?
False
Let j(h) = h**2. Let m be j(0). Suppose x + 4 = b, -3*b - 10*x = -8*x - 17. Suppose m = b*v - 4 - 251. Is v composite?
True
Let n be ((-3)/(-18) + (-2)/3)*-332. Let o = n + 165. Is o